{"id":12,"date":"2022-12-30T16:56:36","date_gmt":"2022-12-30T16:56:36","guid":{"rendered":"http:\/\/thestudenttraveller.dk\/?page_id=12"},"modified":"2024-09-24T06:36:41","modified_gmt":"2024-09-24T06:36:41","slug":"smukke-portefoeljer-til-de-ekstraordinaert-kreative","status":"publish","type":"page","link":"https:\/\/thestudenttraveller.dk\/","title":{"rendered":"Sidder du og mangler inspiration eller hj\u00e6lp til din n\u00e6ste rejse?"},"content":{"rendered":"\n<p class=\"has-text-align-center\">Her p\u00e5 TheStudentTraveller kan du finde guides og inspiration fra mine personlige erfaringer og oplevelser. <br>Det hele er bygget op om, at det skal v\u00e6re overkommeligt at rejse som ung, studerende, p\u00e5 et budget eller lignende. Der skal dog ogs\u00e5 v\u00e6re plads til lidt luksus ind i mellem. Derfor er der lidt til enhver smag.<\/p>\n\n\n\n<p><strong>OBS: Da bloggen er forholdsvis ny, kan der stadig forekomme sider p\u00e5 bloggen, som ikke har nogle indl\u00e6g endnu! Jeg arbejder p\u00e5 h\u00f8jtryk, for at f\u00e5 fyldt det hele ud, og jeg opdaterer j\u00e6vnligt med nye indl\u00e6g, som kan hj\u00e6lpe dig p\u00e5 din n\u00e6ste rejse.<\/strong><\/p>\n\n\n\n<div style=\"height:55px\" aria-hidden=\"true\" class=\"wp-block-spacer\"><\/div>\n\n\n\n<div class=\"wp-block-group alignfull has-background\" style=\"background-color:#e5e9ec\"><div class=\"wp-block-group__inner-container is-layout-flow wp-block-group-is-layout-flow\">\n<div class=\"wp-block-columns is-layout-flex wp-container-core-columns-is-layout-9d6595d7 wp-block-columns-is-layout-flex\">\n<div class=\"wp-block-column is-vertically-aligned-center is-layout-flow wp-block-column-is-layout-flow\">\n<h2 class=\"wp-block-heading\">Hvad kan du forvente?<\/h2>\n\n\n\n<p>Her p\u00e5 siden kan du forvente at finde alt, hvad du har brug for at vide, om de destinationer, jeg har bes\u00f8gt. Alt herinde er baseret p\u00e5 mine personlige oplevelser i de forskellige lande. Derfor er det ogs\u00e5 mine subjektive holdninger, der kommer til udtryk i artiklerne. <\/p>\n\n\n\n<p>Som n\u00e6vnt ovenfor, s\u00e5 skal bloggen her afspejle mine egne personlige oplevelser. Derfor kan du v\u00e6re sikker p\u00e5, at det er mine meninger som sk\u00e6rer i gennem. Der kommer derfor ikke til at v\u00e6re anbefalinger, til steder, jeg ikke selv har bes\u00f8gt. <\/p>\n\n\n\n<p>Jeg h\u00e5ber, at mine erfaringer kan hj\u00e6lpe fremtidige rejselystne danskere til at tage ud i verden. For mig skal hjemmesiden ogs\u00e5 bevise, at man sagtens kan rejse ud og opleve forskellige kulturer selvom man er en studerende p\u00e5 et budget.<\/p>\n\n\n\n<div class=\"wp-block-buttons is-horizontal is-content-justification-left is-layout-flex wp-container-core-buttons-is-layout-7e5fce0a wp-block-buttons-is-layout-flex\">\n<div class=\"wp-block-button is-style-outline is-style-outline--1\"><a class=\"wp-block-button__link wp-element-button\" href=\"https:\/\/thestudenttraveller.dk\/index.php\/rejsedestinationer\/\">Hvor g\u00e5r turen hen?<\/a><\/div>\n<\/div>\n<\/div>\n\n\n\n<div class=\"wp-block-column is-layout-flow wp-block-column-is-layout-flow\">\n<div style=\"height:48px\" aria-hidden=\"true\" class=\"wp-block-spacer\"><\/div>\n\n\n\n<figure class=\"wp-block-image size-large\"><a href=\"https:\/\/thestudenttraveller.dk\/index.php\/new-zealand\/\" target=\"_blank\" rel=\"noreferrer noopener\"><img fetchpriority=\"high\" decoding=\"async\" width=\"768\" height=\"1024\" src=\"https:\/\/thestudenttraveller.dk\/wp-content\/uploads\/2022\/12\/IMG_2506-768x1024.jpeg\" alt=\"\" class=\"wp-image-109\" srcset=\"https:\/\/thestudenttraveller.dk\/wp-content\/uploads\/2022\/12\/IMG_2506-768x1024.jpeg 768w, https:\/\/thestudenttraveller.dk\/wp-content\/uploads\/2022\/12\/IMG_2506-225x300.jpeg 225w, https:\/\/thestudenttraveller.dk\/wp-content\/uploads\/2022\/12\/IMG_2506-1152x1536.jpeg 1152w, https:\/\/thestudenttraveller.dk\/wp-content\/uploads\/2022\/12\/IMG_2506-1536x2048.jpeg 1536w, https:\/\/thestudenttraveller.dk\/wp-content\/uploads\/2022\/12\/IMG_2506-2000x2667.jpeg 2000w, https:\/\/thestudenttraveller.dk\/wp-content\/uploads\/2022\/12\/IMG_2506-18x24.jpeg 18w, https:\/\/thestudenttraveller.dk\/wp-content\/uploads\/2022\/12\/IMG_2506-27x36.jpeg 27w, https:\/\/thestudenttraveller.dk\/wp-content\/uploads\/2022\/12\/IMG_2506-36x48.jpeg 36w, https:\/\/thestudenttraveller.dk\/wp-content\/uploads\/2022\/12\/IMG_2506-scaled.jpeg 1920w\" sizes=\"(max-width: 768px) 100vw, 768px\" \/><\/a><figcaption class=\"wp-element-caption\">Magiske New Zealand<\/figcaption><\/figure>\n<\/div>\n<\/div>\n<\/div><\/div>\n\n\n\n<div class=\"wp-block-group alignfull\"><div class=\"wp-block-group__inner-container is-layout-flow wp-block-group-is-layout-flow\">\n<div class=\"wp-block-columns are-vertically-aligned-center is-layout-flex wp-container-core-columns-is-layout-9d6595d7 wp-block-columns-is-layout-flex\">\n<div class=\"wp-block-column is-vertically-aligned-center is-layout-flow wp-block-column-is-layout-flow\">\n<div style=\"height:48px\" aria-hidden=\"true\" class=\"wp-block-spacer\"><\/div>\n\n\n\n<figure class=\"wp-block-image size-large\"><a href=\"https:\/\/thestudenttraveller.dk\/index.php\/australien\/\" target=\"_blank\" rel=\"noreferrer noopener\"><img decoding=\"async\" width=\"768\" height=\"1024\" src=\"https:\/\/thestudenttraveller.dk\/wp-content\/uploads\/2022\/12\/IMG_2121-768x1024.jpeg\" alt=\"\" class=\"wp-image-110\" srcset=\"https:\/\/thestudenttraveller.dk\/wp-content\/uploads\/2022\/12\/IMG_2121-768x1024.jpeg 768w, https:\/\/thestudenttraveller.dk\/wp-content\/uploads\/2022\/12\/IMG_2121-225x300.jpeg 225w, https:\/\/thestudenttraveller.dk\/wp-content\/uploads\/2022\/12\/IMG_2121-1152x1536.jpeg 1152w, https:\/\/thestudenttraveller.dk\/wp-content\/uploads\/2022\/12\/IMG_2121-1536x2048.jpeg 1536w, https:\/\/thestudenttraveller.dk\/wp-content\/uploads\/2022\/12\/IMG_2121-2000x2667.jpeg 2000w, https:\/\/thestudenttraveller.dk\/wp-content\/uploads\/2022\/12\/IMG_2121-18x24.jpeg 18w, https:\/\/thestudenttraveller.dk\/wp-content\/uploads\/2022\/12\/IMG_2121-27x36.jpeg 27w, https:\/\/thestudenttraveller.dk\/wp-content\/uploads\/2022\/12\/IMG_2121-36x48.jpeg 36w, https:\/\/thestudenttraveller.dk\/wp-content\/uploads\/2022\/12\/IMG_2121-scaled.jpeg 1920w\" sizes=\"(max-width: 768px) 100vw, 768px\" \/><\/a><figcaption class=\"wp-element-caption\">Fantastiske Australien<\/figcaption><\/figure>\n<\/div>\n\n\n\n<div class=\"wp-block-column is-vertically-aligned-center is-layout-flow wp-block-column-is-layout-flow\">\n<h2 class=\"wp-block-heading\">Hvordan er bloggen bygget op?<\/h2>\n\n\n\n<p>Bloggen er bygget op omkring to hovedkomponenter:  Artikler omkring min rejse til forskellige steder, og guides til, hvordan man kan f\u00e5 den bedst mulige tur. Det kunne f.eks. v\u00e6re den<strong> ultimative roadtrip til USA<\/strong> eller hvordan man rejser igennem <strong>Jordan<\/strong>. <\/p>\n\n\n\n<p>Den anden del er mere kortfattede artikler, som hovedsageligt baseres p\u00e5 mine top-10 oplevelser rundt omkring i verden. Her vil jeg fors\u00f8ge at give mit bedste r\u00e5d til den enkelte oplevelse samt tilf\u00f8je, hvad du kan forvente prisen er. P\u00e5 den m\u00e5de kan man nemt f\u00e5 et hurtigt overblik over netop din dr\u00f8mme destination. <\/p>\n\n\n\n<p>Alt du skal g\u00f8re er blot at klikke p\u00e5 &#8216;REJSEDESTINATIONER&#8217; nedenfor, ogs\u00e5 lade dig inspirere. <\/p>\n\n\n\n<div class=\"wp-block-buttons is-layout-flex wp-block-buttons-is-layout-flex\">\n<div class=\"wp-block-button is-style-outline is-style-outline--2\"><a class=\"wp-block-button__link wp-element-button\" href=\"https:\/\/thestudenttraveller.dk\/index.php\/rejsedestinationer\/\">Rejsedestinationer<\/a><\/div>\n<\/div>\n<\/div>\n<\/div>\n<\/div><\/div>\n\n\n\n<div class=\"wp-block-group alignfull has-black-background-color has-background\"><div class=\"wp-block-group__inner-container is-layout-flow wp-block-group-is-layout-flow\">\n<h2 class=\"wp-block-heading has-text-align-center has-white-color has-text-color\">Billeder fra mine favorit rejser<\/h2>\n\n\n\n<figure class=\"wp-block-gallery aligncenter has-nested-images columns-default is-cropped wp-block-gallery-3 is-layout-flex wp-block-gallery-is-layout-flex\">\n<figure class=\"wp-block-image size-large\"><a href=\"https:\/\/thestudenttraveller.dk\/index.php\/new-zealand\/\"><img decoding=\"async\" width=\"768\" height=\"1024\" data-id=\"113\" src=\"https:\/\/thestudenttraveller.dk\/wp-content\/uploads\/2022\/12\/IMG_2799-768x1024.jpeg\" alt=\"\" class=\"wp-image-113\" srcset=\"https:\/\/thestudenttraveller.dk\/wp-content\/uploads\/2022\/12\/IMG_2799-768x1024.jpeg 768w, https:\/\/thestudenttraveller.dk\/wp-content\/uploads\/2022\/12\/IMG_2799-225x300.jpeg 225w, https:\/\/thestudenttraveller.dk\/wp-content\/uploads\/2022\/12\/IMG_2799-1152x1536.jpeg 1152w, https:\/\/thestudenttraveller.dk\/wp-content\/uploads\/2022\/12\/IMG_2799-1536x2048.jpeg 1536w, https:\/\/thestudenttraveller.dk\/wp-content\/uploads\/2022\/12\/IMG_2799-2000x2667.jpeg 2000w, https:\/\/thestudenttraveller.dk\/wp-content\/uploads\/2022\/12\/IMG_2799-18x24.jpeg 18w, https:\/\/thestudenttraveller.dk\/wp-content\/uploads\/2022\/12\/IMG_2799-27x36.jpeg 27w, https:\/\/thestudenttraveller.dk\/wp-content\/uploads\/2022\/12\/IMG_2799-36x48.jpeg 36w, https:\/\/thestudenttraveller.dk\/wp-content\/uploads\/2022\/12\/IMG_2799-scaled.jpeg 1920w\" sizes=\"(max-width: 768px) 100vw, 768px\" \/><\/a><figcaption class=\"wp-element-caption\">Magiske New Zealand<\/figcaption><\/figure>\n\n\n\n<figure class=\"wp-block-image size-large\"><a href=\"https:\/\/thestudenttraveller.dk\/index.php\/australien\/\" target=\"_blank\" rel=\"noreferrer noopener\"><img loading=\"lazy\" decoding=\"async\" width=\"631\" height=\"1024\" data-id=\"114\" src=\"https:\/\/thestudenttraveller.dk\/wp-content\/uploads\/2022\/12\/IMG_1932-631x1024.jpeg\" alt=\"\" class=\"wp-image-114\" srcset=\"https:\/\/thestudenttraveller.dk\/wp-content\/uploads\/2022\/12\/IMG_1932-631x1024.jpeg 631w, https:\/\/thestudenttraveller.dk\/wp-content\/uploads\/2022\/12\/IMG_1932-185x300.jpeg 185w, https:\/\/thestudenttraveller.dk\/wp-content\/uploads\/2022\/12\/IMG_1932-768x1246.jpeg 768w, https:\/\/thestudenttraveller.dk\/wp-content\/uploads\/2022\/12\/IMG_1932-947x1536.jpeg 947w, https:\/\/thestudenttraveller.dk\/wp-content\/uploads\/2022\/12\/IMG_1932-1263x2048.jpeg 1263w, https:\/\/thestudenttraveller.dk\/wp-content\/uploads\/2022\/12\/IMG_1932-2000x3244.jpeg 2000w, https:\/\/thestudenttraveller.dk\/wp-content\/uploads\/2022\/12\/IMG_1932-15x24.jpeg 15w, https:\/\/thestudenttraveller.dk\/wp-content\/uploads\/2022\/12\/IMG_1932-22x36.jpeg 22w, https:\/\/thestudenttraveller.dk\/wp-content\/uploads\/2022\/12\/IMG_1932-30x48.jpeg 30w, https:\/\/thestudenttraveller.dk\/wp-content\/uploads\/2022\/12\/IMG_1932-scaled.jpeg 1578w\" sizes=\"(max-width: 631px) 100vw, 631px\" \/><\/a><figcaption class=\"wp-element-caption\">Fantastiske Australien<\/figcaption><\/figure>\n\n\n\n<figure class=\"wp-block-image size-large\"><a href=\"https:\/\/thestudenttraveller.dk\/index.php\/ukraine\/\" target=\"_blank\" rel=\"noreferrer noopener\"><img loading=\"lazy\" decoding=\"async\" width=\"1024\" height=\"1024\" data-id=\"115\" src=\"https:\/\/thestudenttraveller.dk\/wp-content\/uploads\/2022\/12\/2DF9D30A-DF81-4B86-BA24-B803A4842BA2-1024x1024.jpg\" alt=\"\" class=\"wp-image-115\" srcset=\"https:\/\/thestudenttraveller.dk\/wp-content\/uploads\/2022\/12\/2DF9D30A-DF81-4B86-BA24-B803A4842BA2-1024x1024.jpg 1024w, https:\/\/thestudenttraveller.dk\/wp-content\/uploads\/2022\/12\/2DF9D30A-DF81-4B86-BA24-B803A4842BA2-300x300.jpg 300w, https:\/\/thestudenttraveller.dk\/wp-content\/uploads\/2022\/12\/2DF9D30A-DF81-4B86-BA24-B803A4842BA2-150x150.jpg 150w, https:\/\/thestudenttraveller.dk\/wp-content\/uploads\/2022\/12\/2DF9D30A-DF81-4B86-BA24-B803A4842BA2-768x768.jpg 768w, https:\/\/thestudenttraveller.dk\/wp-content\/uploads\/2022\/12\/2DF9D30A-DF81-4B86-BA24-B803A4842BA2-1536x1536.jpg 1536w, https:\/\/thestudenttraveller.dk\/wp-content\/uploads\/2022\/12\/2DF9D30A-DF81-4B86-BA24-B803A4842BA2-2048x2048.jpg 2048w, https:\/\/thestudenttraveller.dk\/wp-content\/uploads\/2022\/12\/2DF9D30A-DF81-4B86-BA24-B803A4842BA2-2000x2000.jpg 2000w, https:\/\/thestudenttraveller.dk\/wp-content\/uploads\/2022\/12\/2DF9D30A-DF81-4B86-BA24-B803A4842BA2-24x24.jpg 24w, https:\/\/thestudenttraveller.dk\/wp-content\/uploads\/2022\/12\/2DF9D30A-DF81-4B86-BA24-B803A4842BA2-36x36.jpg 36w, https:\/\/thestudenttraveller.dk\/wp-content\/uploads\/2022\/12\/2DF9D30A-DF81-4B86-BA24-B803A4842BA2-48x48.jpg 48w\" sizes=\"(max-width: 1024px) 100vw, 1024px\" \/><\/a><figcaption class=\"wp-element-caption\">Smukke Ukraine<\/figcaption><\/figure>\n\n\n\n<figure class=\"wp-block-image size-large\"><a href=\"https:\/\/thestudenttraveller.dk\/index.php\/egypten\/\" target=\"_blank\" rel=\"noreferrer noopener\"><img loading=\"lazy\" decoding=\"async\" width=\"768\" height=\"1024\" data-id=\"120\" src=\"https:\/\/thestudenttraveller.dk\/wp-content\/uploads\/2022\/12\/IMG_3145-1-768x1024.jpeg\" alt=\"\" class=\"wp-image-120\" srcset=\"https:\/\/thestudenttraveller.dk\/wp-content\/uploads\/2022\/12\/IMG_3145-1-768x1024.jpeg 768w, https:\/\/thestudenttraveller.dk\/wp-content\/uploads\/2022\/12\/IMG_3145-1-225x300.jpeg 225w, https:\/\/thestudenttraveller.dk\/wp-content\/uploads\/2022\/12\/IMG_3145-1-1152x1536.jpeg 1152w, https:\/\/thestudenttraveller.dk\/wp-content\/uploads\/2022\/12\/IMG_3145-1-1536x2048.jpeg 1536w, https:\/\/thestudenttraveller.dk\/wp-content\/uploads\/2022\/12\/IMG_3145-1-2000x2667.jpeg 2000w, https:\/\/thestudenttraveller.dk\/wp-content\/uploads\/2022\/12\/IMG_3145-1-18x24.jpeg 18w, https:\/\/thestudenttraveller.dk\/wp-content\/uploads\/2022\/12\/IMG_3145-1-27x36.jpeg 27w, https:\/\/thestudenttraveller.dk\/wp-content\/uploads\/2022\/12\/IMG_3145-1-36x48.jpeg 36w, https:\/\/thestudenttraveller.dk\/wp-content\/uploads\/2022\/12\/IMG_3145-1-scaled.jpeg 1920w\" sizes=\"(max-width: 768px) 100vw, 768px\" \/><\/a><figcaption class=\"wp-element-caption\">Historiske Egypten<\/figcaption><\/figure>\n\n\n\n<figure class=\"wp-block-image size-large\"><a href=\"https:\/\/thestudenttraveller.dk\/index.php\/Jordan\/\" target=\"_blank\" rel=\"noreferrer noopener\"><img loading=\"lazy\" decoding=\"async\" width=\"768\" height=\"1024\" data-id=\"117\" src=\"https:\/\/thestudenttraveller.dk\/wp-content\/uploads\/2022\/12\/IMG_4741-768x1024.jpeg\" alt=\"\" class=\"wp-image-117\" srcset=\"https:\/\/thestudenttraveller.dk\/wp-content\/uploads\/2022\/12\/IMG_4741-768x1024.jpeg 768w, https:\/\/thestudenttraveller.dk\/wp-content\/uploads\/2022\/12\/IMG_4741-225x300.jpeg 225w, https:\/\/thestudenttraveller.dk\/wp-content\/uploads\/2022\/12\/IMG_4741-1152x1536.jpeg 1152w, https:\/\/thestudenttraveller.dk\/wp-content\/uploads\/2022\/12\/IMG_4741-18x24.jpeg 18w, https:\/\/thestudenttraveller.dk\/wp-content\/uploads\/2022\/12\/IMG_4741-27x36.jpeg 27w, https:\/\/thestudenttraveller.dk\/wp-content\/uploads\/2022\/12\/IMG_4741-36x48.jpeg 36w, https:\/\/thestudenttraveller.dk\/wp-content\/uploads\/2022\/12\/IMG_4741.jpeg 1536w\" sizes=\"(max-width: 768px) 100vw, 768px\" \/><\/a><figcaption class=\"wp-element-caption\">Unikke Jordan<\/figcaption><\/figure>\n\n\n\n<figure class=\"wp-block-image size-large\"><a href=\"https:\/\/thestudenttraveller.dk\/index.php\/USA\/\" target=\"_blank\" rel=\"noreferrer noopener\"><img loading=\"lazy\" decoding=\"async\" width=\"768\" height=\"1024\" data-id=\"126\" src=\"https:\/\/thestudenttraveller.dk\/wp-content\/uploads\/2022\/12\/IMG_3220-768x1024.jpeg\" alt=\"\" class=\"wp-image-126\" srcset=\"https:\/\/thestudenttraveller.dk\/wp-content\/uploads\/2022\/12\/IMG_3220-768x1024.jpeg 768w, https:\/\/thestudenttraveller.dk\/wp-content\/uploads\/2022\/12\/IMG_3220-225x300.jpeg 225w, https:\/\/thestudenttraveller.dk\/wp-content\/uploads\/2022\/12\/IMG_3220-1152x1536.jpeg 1152w, https:\/\/thestudenttraveller.dk\/wp-content\/uploads\/2022\/12\/IMG_3220-18x24.jpeg 18w, https:\/\/thestudenttraveller.dk\/wp-content\/uploads\/2022\/12\/IMG_3220-27x36.jpeg 27w, https:\/\/thestudenttraveller.dk\/wp-content\/uploads\/2022\/12\/IMG_3220-36x48.jpeg 36w, https:\/\/thestudenttraveller.dk\/wp-content\/uploads\/2022\/12\/IMG_3220.jpeg 1536w\" sizes=\"(max-width: 768px) 100vw, 768px\" \/><\/a><figcaption class=\"wp-element-caption\">K\u00e6mpestore USA<\/figcaption><\/figure>\n<\/figure>\n<\/div><\/div>\n\n\n\n<div class=\"wp-block-cover alignfull is-light has-parallax is-position-center-center\" style=\"min-height:375px;aspect-ratio:unset;\"><span aria-hidden=\"true\" class=\"wp-block-cover__background has-black-background-color has-background-dim-40 has-background-dim\"><\/span><div class=\"wp-block-cover__image-background wp-image-128 has-parallax\" style=\"background-position:50% 50%;background-image:url(https:\/\/thestudenttraveller.dk\/wp-content\/uploads\/2022\/12\/IMG_7283.jpeg)\"><\/div><div class=\"wp-block-cover__inner-container is-layout-flow wp-block-cover-is-layout-flow\">\n<p class=\"has-text-align-center has-text-color has-huge-font-size\" style=\"color:#fffffa;line-height:1.1\"><\/p>\n\n\n\n<div style=\"height:39px\" aria-hidden=\"true\" class=\"wp-block-spacer\"><\/div>\n\n\n\n<div class=\"wp-block-buttons is-horizontal is-content-justification-center is-layout-flex wp-container-core-buttons-is-layout-499968f5 wp-block-buttons-is-layout-flex\">\n<div class=\"wp-block-button is-style-outline is-style-outline--4\"><a class=\"wp-block-button__link has-white-color has-text-color wp-element-button\" href=\"https:\/\/thestudenttraveller.dk\/index.php\/om-mig\/\">Om mig<\/a><\/div>\n<\/div>\n<\/div><\/div>\n","protected":false},"excerpt":{"rendered":"<p>Her p\u00e5 TheStudentTraveller kan du finde guides og inspiration fra mine personlige erfaringer og oplevelser. Det hele er bygget op om, at det skal v\u00e6re overkommeligt at rejse som ung, studerende, p\u00e5 et budget eller lignende. Der skal dog ogs\u00e5 v\u00e6re plads til lidt luksus ind i mellem. Derfor er der lidt til enhver smag. &hellip; <\/p>\n<p class=\"link-more\"><a href=\"https:\/\/thestudenttraveller.dk\/\" class=\"more-link\">L\u00e6s mere<span class=\"screen-reader-text\"> \u201cSidder du og mangler inspiration eller hj\u00e6lp til din n\u00e6ste rejse?\u201d<\/span><\/a><\/p>\n","protected":false},"author":1,"featured_media":0,"parent":0,"menu_order":0,"comment_status":"closed","ping_status":"closed","template":"","meta":{"_editorskit_title_hidden":false,"_editorskit_reading_time":2,"_editorskit_is_block_options_detached":false,"_editorskit_block_options_position":"{}","om_disable_all_campaigns":false,"inline_featured_image":false,"_monsterinsights_skip_tracking":false,"_monsterinsights_sitenote_active":false,"_monsterinsights_sitenote_note":"","_monsterinsights_sitenote_category":0,"footnotes":""},"class_list":["post-12","page","type-page","status-publish","hentry"],"featured_media_urls":[],"_links":{"self":[{"href":"https:\/\/thestudenttraveller.dk\/index.php\/wp-json\/wp\/v2\/pages\/12","targetHints":{"allow":["GET"]}}],"collection":[{"href":"https:\/\/thestudenttraveller.dk\/index.php\/wp-json\/wp\/v2\/pages"}],"about":[{"href":"https:\/\/thestudenttraveller.dk\/index.php\/wp-json\/wp\/v2\/types\/page"}],"author":[{"embeddable":true,"href":"https:\/\/thestudenttraveller.dk\/index.php\/wp-json\/wp\/v2\/users\/1"}],"replies":[{"embeddable":true,"href":"https:\/\/thestudenttraveller.dk\/index.php\/wp-json\/wp\/v2\/comments?post=12"}],"version-history":[{"count":20,"href":"https:\/\/thestudenttraveller.dk\/index.php\/wp-json\/wp\/v2\/pages\/12\/revisions"}],"predecessor-version":[{"id":2771,"href":"https:\/\/thestudenttraveller.dk\/index.php\/wp-json\/wp\/v2\/pages\/12\/revisions\/2771"}],"wp:attachment":[{"href":"https:\/\/thestudenttraveller.dk\/index.php\/wp-json\/wp\/v2\/media?parent=12"}],"curies":[{"name":"wp","href":"https:\/\/api.w.org\/{rel}","templated":true}]}}